4*a**2 + 6*a + 5. Calculate the remainder when 61 is divided by m(j).
28
Suppose 0 = 35*r + 40*r - 375. What is the remainder when 81 is divided by r?
1
Let m(z) = 2006*z + 16*z**2 - 2006*z - 2. Let f(g) = 3*g**3 - g**2 - 2*g. Calculate the remainder when m(2) is divided by f(2).
14
Calculate the remainder when 2*(1 + 110/4) is divided by (-93)/24 + 4 - (-1528)/64.
9
Suppose 11*z = -4*z + 3015. Suppose 0 = 2*g + i - 103 + 6, -4*g + 5*i = -z. What is the remainder when 195 is divided by g?
48
Let p(d) = -d**3 - d**2 + 92. Suppose -21*r + r = -5*r. Calculate the remainder when p(r) is divided by (32/10)/((-2)/(-15)).
20
Suppose -2*a + 29 + 13 = 0. Let t(q) = 2*q**3 + 5*q. What is the remainder when t(3) is divided by a?
6
Let y(r) = 25*r**2 + 156*r - 100. What is the remainder when 821 is divided by y(-7)?
29
Suppose 3*j = s - 2 + 5, -2*s - 5*j = -49. Calculate the remainder when 128 is divided by (4 - 2 - 3) + s.
7
Let o(g) = -8*g - 10. Let m = 234 - 243. What is the remainder when o(m) is divided by 11?
7
Let w = -158 - -161. Let b(i) = 40*i + 33. Calculate the remainder when b(w) is divided by 52.
49
Let r(s) = 81*s - 1. Let i(a) = 1201 - 1202 + 53*a + 29*a. Let x(o) = -2*i(o) + 3*r(o). What is the remainder when x(1) is divided by 20?
18
Let x = 68 - 66. Suppose -16*n + x*n - 56 = 0. Calculate the remainder when (0 - 1/n)*148 is divided by 14.
9
Let b = -1655 - -1685. Let n(q) = q**2 + q - 2. Let v be n(-3). Suppose v*l - 45 = -l. What is the remainder when b is divided by l?
3
Suppose -5*r + 1108 - 39 = 3*q, -5*q = 3*r - 1755. Calculate the remainder when q is divided by 45.
33
Suppose 0 = -4*q - 91*q + 22420. What is the remainder when 1192 is divided by q?
12
Let z(w) = 2*w - 5. What is the remainder when 6768/3948 + (-569)/(-7) is divided by z(6)?
6
Suppose -4*l - 5*i = -28, 16 = 4*i - 0*i. Suppose -4 = l*q - 26. Calculate the remainder when ((-18)/(-18))/((-8)/8)*-43 is divided by q.
10
Suppose 5*l = 5*d - 15, -4*l + 2*l = -6. Suppose -12*n - 4*m - 306 = -17*n, -7*m - 28 = 0. What is the remainder when n is divided by d?
4
Suppose -2*r = -3*r + 3, -8 = -w + 4*r. What is the remainder when 571 is divided by w?
11
Let n(l) = 330*l - 305. Calculate the remainder when n(3) is divided by 210.
55
Let i(k) = -129*k**2 + 66*k**2 - 21 + 64*k**2 + 3*k. Calculate the remainder when 17 is divided by i(-7).
3
Let q(x) = -2*x**3 - 55*x**2 + x + 579. Calculate the remainder when q(0) is divided by 149.
132
Suppose 13*r + 3*t = 9*r + 282, 0 = -4*r - 2*t + 280. Suppose 0 = 4*z + 3*d - 276, r = z + d - 4*d. Calculate the remainder when z is divided by 38.
31
Let k(t) be the second derivative of t**3 - 7*t**2/2 - 12*t. Let j(x) = 22*x - 24. What is the remainder when j(5) is divided by k(6)?
28
Let m(l) = -l**3 - 3*l**2 - 2*l - 2. Let c be m(-2). Calculate the remainder when ((-22)/(-12))/(c/(-12)) is divided by 20/3 - 2/(-6).
4
Let l(k) = -k**2 - 86*k - 42. Calculate the remainder when l(-23) is divided by 468.
3
Let a(q) = -11*q + 11. Calculate the remainder when a(-8) is divided by 80*((-452)/(-20) + -22).
3
Suppose x = -2*x + 432. Let n(m) = m**3 - 21*m**2 + 34*m + 33. Let d be n(19). Let w = 92 + d. What is the remainder when x is divided by w?
46
Let k(u) = -u**2 - 38*u + 100. What is the remainder when 409 is divided by k(-37)?
135
Suppose -4*s = 0, 5*h + 11*s - 6*s = 1395. Suppose -16*n + 7*n + h = 0. What is the remainder when n is divided by 6?
1
Suppose -198*j + 242*j = 311993 - 19569. What is the remainder when j is divided by 38?
34
Let g(i) = 13*i + 7. Let o be g(12). Suppose -2*t - 5*u + 96 = 0, -2*u - o = -7*t + 4*t. What is the remainder when t is divided by 18?
17
What is the remainder when 247 is divided by 255/15 + 1 + -4?
9
Suppose -2128 = 24*l + 14*l. Calculate the remainder when (l - -54)/((-1)/148) is divided by 30.
26
Let c(t) = -t**3 + 24*t**2 - 104*t - 214. Calculate the remainder when 673 is divided by c(14).
93
Suppose -s - 152 = -494. Suppose 71*d - 66*d + 5*o - 155 = 0, 2*d - o - 98 = 0. What is the remainder when s is divided by d?
41
Suppose -92*q + 94*q = 756. Let g = q - 220. Calculate the remainder when g is divided by 40.
38
Let w(f) = 16*f + 99. What is the remainder when 549 is divided by w(-4)?
24
Let l = 21868 + -21830. What is the remainder when 1017 is divided by l?
29
Suppose 5*k + 22 = 52, -183 = -q - 3*k. Suppose 5*h = -2*t + 74, 0*h - h = -4*t - 6. What is the remainder when q is divided by h?
11
Let f(o) = 2*o**2 + 15*o - 15. Let q be f(-8). Let y be 27/63 - (-45)/q. Let h(d) = d**3 + 8*d**2 + 13*d + 10. What is the remainder when 11 is divided by h(y)?
3
Suppose 11*k - 497 - 933 = 0. Let m = 168 + -104. Let y = k - m. What is the remainder when y is divided by 35?
31
Suppose 0 = m - 4*q + 2, -2*q + 8 = 5*m - 2*m. Suppose 225 = 5*n - 5*h, 3*h + 49 = m*n - 41. Calculate the remainder when n is divided by 23 - 4 - (1 + 0).
9
Let u = -1549 - -2242. Calculate the remainder when 62 is divided by (4/3)/(6/u*7).
18
Let c(w) = 27*w + 191. Suppose -2*s = 5*x - 266, 27*s - 29*s - 150 = -3*x. Calculate the remainder when x is divided by c(-7).
0
Let c = 3325 + -3241. What is the remainder when 699 is divided by c?
27
Suppose -5*n - 84 - 51 = 0. Let c = -13 - n. Suppose -f - 4*w + c + 6 = 0, 4*f - 3*w = 99. Calculate the remainder when f is divided by 10.
4
Let d(x) = -7*x - 22. Suppose -2*a - 24 = 3*h + h, 2*a + 3*h + 23 = 0. Let o be d(a). Let v = o - -6. Calculate the remainder when v is divided by 29.
25
Let y = 227 - 227. Suppose y = 2*a - 6 - 96. Calculate the remainder when a is divided by 48.
3
Calculate the remainder when (251/2)/(43/6 + -7) is divided by 21.
18
What is the remainder when 82/1148 - (-59577)/98 is divided by 160?
128
Let x(v) = -v**3 + 2*v**2 - 5*v - 21. Let z(j) = j**3 - 2*j**2 + 4*j + 20. Let i(a) = -2*x(a) - 3*z(a). What is the remainder when 294 is divided by i(-3)?
30
Suppose 56 = 66*j - 38*j - 336. Calculate the remainder when 739 is divided by j.
11
Suppose -29*t + 34*t + y = -3688, 2*y = 5*t + 3679. Let f = 746 + t. Calculate the remainder when 40 is divided by f.
4
Let o(i) = 34*i**2 + 9*i + 11. What is the remainder when 171 is divided by o(-1)?
27
Let a(i) = -i**2 + 16*i - 29. Let t(d) = d**2 - 15*d + 31. Let m(v) = 3*a(v) + 2*t(v). What is the remainder when m(10) is divided by 22?
11
Let z = -1347 + 1393. What is the remainder when 99 is divided by z?
7
Suppose -4*b - 341 - 827 = 0. Let y = b + 308. Calculate the remainder when 126 is divided by y.
14
Let v be 64 + -14 - (-1)/(2/4). Suppose l - v = -19. Calculate the remainder when 97 is divided by l.
31
Let k(c) = 32*c - 2191. Calculate the remainder when 258 is divided by k(71).
15
Suppose -325*h + 266*h = -153459. What is the remainder when h is divided by 217?
214
Suppose -4*x - 8 = 0, -5*x = -46*d + 50*d - 294. What is the remainder when d is divided by 27?
22
Calculate the remainder when (1/(-1))/(4/(-12)) is divided by (34 + -33)/(1/3).
0
Suppose -793 = 2688*r - 2701*r. What is the remainder when 2134 is divided by r?
60
What is the remainder when 227 is divided by (317 - -6)/19 + -1*(-18)/(-3)?
7
Let k = 10 + -6. Let l(b) = -b**3 + 8*b**2 - 6*b - 13. Let j = 41 + 32. What is the remainder when j is divided by l(k)?
19
Let d be 2973/(-12) + (24/32)/(-3). Let a = d + 512. What is the remainder when a is divided by 38?
36
Let p(x) = -66*x - 18. Let d be p(-5). Let h = -215 + d. Suppose c = -c - 3*m + 65, -3*c = 4*m - h. What is the remainder when c is divided by 7?
3
Let f(w) = 62 + 366*w + w**2 - 5 - 174*w - 175*w. What is the remainder when f(-15) is divided by 6?
3
Let o(u) = 629 - u + 11*u - 657. Let z = -13 - -31. What is the remainder when o(z) is divided by 39?
35
Let a(n) = 679*n - 144. Calculate the remainder when a(1) is divided by 144.
103
Calculate the remainder when (950/(-57) - -6)*1341/(-12) is divided by 60.
52
Calculate the remainder when 1817 is divided by 147/(-588) - 858/(-8).
105
Suppose -13*l = -69 - 100. Calculate the remainder when 5092 is divided by l.
9
Let n = 3678 + -461. What is the remainder when n is divided by 28?
25
Let n = 342 - 5. Suppose 15 = -44*o + 190 + 265. What is the remainder when n is divided by o?
7
Let i = 154 - 54. Suppose i = 18*s - 8*s. Calculate the remainder when 115 is di